{"id":1270,"date":"2022-07-22T17:20:39","date_gmt":"2022-07-22T20:20:39","guid":{"rendered":"http:\/\/localhost\/wordpress\/?page_id=1270"},"modified":"2025-04-16T10:14:32","modified_gmt":"2025-04-16T14:14:32","slug":"filiacao","status":"publish","type":"page","link":"https:\/\/adunir.com.br\/index.php\/filiacao\/","title":{"rendered":"Filia\u00e7\u00e3o"},"content":{"rendered":"\n<div class=\"wp-block-uagb-inline-notice uagb-inline_notice__align-left uagb-block-566231e1 uagb-inline_notice__outer-wrap\"><button class=\"uagb-notice-close-button\" type=\"button\" aria-label=\"Close\"><\/button><h3 class=\"uagb-notice-title\"> <strong><mark style=\"background-color:rgba(0, 0, 0, 0)\" class=\"has-inline-color has-white-color\">Nota sobre a filia\u00e7\u00e3o \u00e0 ADUNIR<\/mark><\/strong><\/h3><div class=\"uagb-notice-text\">\n<p><br>Companheiras e companheiros docentes,<br>Bem-vindo \u00e0 nossa p\u00e1gina de <strong>Filia\u00e7\u00e3o ao Sindicato<\/strong>. Aqui, voc\u00ea encontra todas as informa\u00e7\u00f5es necess\u00e1rias para se tornar um filiado e fazer parte da nossa luta em defesa dos seus direitos. Ao se filiar, voc\u00ea fortalece a nossa uni\u00e3o enquanto categoria e tem acesso a uma s\u00e9rie de benef\u00edcios e suporte jur\u00eddico, al\u00e9m de participar ativamente das a\u00e7\u00f5es que visam melhorar as condi\u00e7\u00f5es da categoria.<\/p>\n\n\n\n<p>Abaixo, voc\u00ea encontrar\u00e1 a <strong>ficha de filia\u00e7\u00e3o<\/strong>. Preencha os campos solicitados, anexe os documentos necess\u00e1rios e envie para o nosso e-mail. Atualmente, Para efetivar, a pr\u00f3pria entidade ativar\u00e1 seu v\u00ednculo com a entidade atrav\u00e9s do SIGEPE em at\u00e9 24 horas. Atualmente, a contribui\u00e7\u00e3o \u00e9 de 1% sobre o vencimento, conforme o padr\u00e3o estabelecido no estatuto do ANDES \u2013 Sindicato Nacional. <\/p>\n\n\n\n<p>A sua ades\u00e3o \u00e9 fundamental para fortalecer a nossa voz e continuar a trabalhar por uma categoria mais forte e respeitada. <\/p>\n\n\n\n<p><br>E-mail: adunir.andes@gmail.com<br>Whatsapp: (69) 99265-8751<br><br> Diretoria da ADUNIR<\/p>\n<\/div><\/div>\n\n\n\n<hr class=\"wp-block-separator has-alpha-channel-opacity is-style-wide\"\/>\n\n\n\n<p><strong>FICHA DE FILIA\u00c7\u00c3O EM PDF<\/strong><\/p>\n\n\n\n<div data-wp-interactive=\"core\/file\" class=\"wp-block-file\"><object data-wp-bind--hidden=\"!state.hasPdfPreview\" hidden class=\"wp-block-file__embed\" data=\"https:\/\/adunir.com.br\/wp-content\/uploads\/2025\/02\/FICHA-DE-FILIACAO-ATUALIZADA-ADUNIR-2025.pdf\" type=\"application\/pdf\" style=\"width:100%;height:600px\" aria-label=\"Incorporado de FICHA DE FILIA\u00c7\u00c3O ATUALIZADA ADUNIR - 2025.\"><\/object><a id=\"wp-block-file--media-75230d13-d957-465d-9b05-ea7b98e0a94d\" href=\"https:\/\/adunir.com.br\/wp-content\/uploads\/2025\/02\/FICHA-DE-FILIACAO-ATUALIZADA-ADUNIR-2025.pdf\">FICHA DE FILIA\u00c7\u00c3O ATUALIZADA ADUNIR &#8211; 2025<\/a><a href=\"https:\/\/adunir.com.br\/wp-content\/uploads\/2025\/02\/FICHA-DE-FILIACAO-ATUALIZADA-ADUNIR-2025.pdf\" class=\"wp-block-file__button wp-element-button\" download aria-describedby=\"wp-block-file--media-75230d13-d957-465d-9b05-ea7b98e0a94d\">Baixar<\/a><\/div>\n\n\n\n<div class=\"wp-block-columns is-layout-flex wp-container-core-columns-is-layout-9d6595d7 wp-block-columns-is-layout-flex\">\n<div class=\"wp-block-column is-layout-flow wp-block-column-is-layout-flow\" style=\"flex-basis:80%\">\n<p><strong>FICHA DE FILIA\u00c7\u00c3O EM ARQUIVO EDIT\u00c1VEL<\/strong><\/p>\n<\/div>\n<\/div>\n\n\n\n<div class=\"wp-block-file\"><a id=\"wp-block-file--media-2615ab49-7dd1-4c69-8176-fa77364426b2\" href=\"https:\/\/adunir.com.br\/wp-content\/uploads\/2025\/02\/FICHA-DE-FILIACAO-ATUALIZADA-ADUNIR-2025.docx\">FICHA DE FILIA\u00c7\u00c3O ATUALIZADA ADUNIR &#8211; 2025<\/a><a href=\"https:\/\/adunir.com.br\/wp-content\/uploads\/2025\/02\/FICHA-DE-FILIACAO-ATUALIZADA-ADUNIR-2025.docx\" class=\"wp-block-file__button wp-element-button\" download aria-describedby=\"wp-block-file--media-2615ab49-7dd1-4c69-8176-fa77364426b2\">Baixar<\/a><\/div>\n\n\n\n<p>Em caso de desfilia\u00e7\u00e3o, \u00e9 necess\u00e1rio preencher o requerimento abaixo e encaminhar para o e-mail adunir.andes@gmail.com<\/p>\n\n\n\n<div data-wp-interactive=\"core\/file\" class=\"wp-block-file\"><object data-wp-bind--hidden=\"!state.hasPdfPreview\" hidden class=\"wp-block-file__embed\" data=\"https:\/\/adunir.com.br\/wp-content\/uploads\/2025\/04\/REQUERIMENTO-DESFILIACAO-ADUNIR.pdf\" type=\"application\/pdf\" style=\"width:100%;height:600px\" aria-label=\"Incorporado de REQUERIMENTO DESFILIAC\u0327A\u0303O ADUNIR.\"><\/object><a id=\"wp-block-file--media-6848c30f-577a-441e-b6ed-f2946f488a9a\" href=\"https:\/\/adunir.com.br\/wp-content\/uploads\/2025\/04\/REQUERIMENTO-DESFILIACAO-ADUNIR.pdf\">REQUERIMENTO DESFILIAC\u0327A\u0303O ADUNIR<\/a><a href=\"https:\/\/adunir.com.br\/wp-content\/uploads\/2025\/04\/REQUERIMENTO-DESFILIACAO-ADUNIR.pdf\" class=\"wp-block-file__button wp-element-button\" download aria-describedby=\"wp-block-file--media-6848c30f-577a-441e-b6ed-f2946f488a9a\">Baixar<\/a><\/div>\n","protected":false},"excerpt":{"rendered":"<p>FICHA DE FILIA\u00c7\u00c3O EM PDF FICHA DE FILIA\u00c7\u00c3O EM ARQUIVO EDIT\u00c1VEL Em caso de desfilia\u00e7\u00e3o, \u00e9 necess\u00e1rio preencher o requerimento abaixo e encaminhar para o e-mail adunir.andes@gmail.com<\/p>\n","protected":false},"author":1,"featured_media":0,"parent":0,"menu_order":0,"comment_status":"closed","ping_status":"closed","template":"templates\/template-page-full-width.php","meta":{"_uag_custom_page_level_css":"","footnotes":""},"class_list":["post-1270","page","type-page","status-publish","hentry"],"yoast_head":"<!-- This site is optimized with the Yoast SEO plugin v27.5 - https:\/\/yoast.com\/product\/yoast-seo-wordpress\/ -->\n<title>Filia\u00e7\u00e3o - ADUNIR<\/title>\n<meta name=\"robots\" content=\"index, follow, max-snippet:-1, max-image-preview:large, max-video-preview:-1\" \/>\n<link rel=\"canonical\" href=\"https:\/\/adunir.com.br\/index.php\/filiacao\/\" \/>\n<meta property=\"og:locale\" content=\"pt_BR\" \/>\n<meta property=\"og:type\" content=\"article\" \/>\n<meta property=\"og:title\" content=\"Filia\u00e7\u00e3o - ADUNIR\" \/>\n<meta property=\"og:description\" content=\"FICHA DE FILIA\u00c7\u00c3O EM PDF FICHA DE FILIA\u00c7\u00c3O EM ARQUIVO EDIT\u00c1VEL Em caso de desfilia\u00e7\u00e3o, \u00e9 necess\u00e1rio preencher o requerimento abaixo e encaminhar para o e-mail adunir.andes@gmail.com\" \/>\n<meta property=\"og:url\" content=\"https:\/\/adunir.com.br\/index.php\/filiacao\/\" \/>\n<meta property=\"og:site_name\" content=\"ADUNIR\" \/>\n<meta property=\"article:publisher\" content=\"https:\/\/www.facebook.com\/adunirsecaosindical.andes\/\" \/>\n<meta property=\"article:modified_time\" content=\"2025-04-16T14:14:32+00:00\" \/>\n<meta name=\"twitter:card\" content=\"summary_large_image\" \/>\n<meta name=\"twitter:label1\" content=\"Est. tempo de leitura\" \/>\n\t<meta name=\"twitter:data1\" content=\"2 minutos\" \/>\n<script type=\"application\/ld+json\" class=\"yoast-schema-graph\">{\"@context\":\"https:\\\/\\\/schema.org\",\"@graph\":[{\"@type\":\"WebPage\",\"@id\":\"https:\\\/\\\/adunir.com.br\\\/index.php\\\/filiacao\\\/\",\"url\":\"https:\\\/\\\/adunir.com.br\\\/index.php\\\/filiacao\\\/\",\"name\":\"Filia\u00e7\u00e3o - ADUNIR\",\"isPartOf\":{\"@id\":\"https:\\\/\\\/adunir.com.br\\\/#website\"},\"datePublished\":\"2022-07-22T20:20:39+00:00\",\"dateModified\":\"2025-04-16T14:14:32+00:00\",\"breadcrumb\":{\"@id\":\"https:\\\/\\\/adunir.com.br\\\/index.php\\\/filiacao\\\/#breadcrumb\"},\"inLanguage\":\"pt-BR\",\"potentialAction\":[{\"@type\":\"ReadAction\",\"target\":[\"https:\\\/\\\/adunir.com.br\\\/index.php\\\/filiacao\\\/\"]}]},{\"@type\":\"BreadcrumbList\",\"@id\":\"https:\\\/\\\/adunir.com.br\\\/index.php\\\/filiacao\\\/#breadcrumb\",\"itemListElement\":[{\"@type\":\"ListItem\",\"position\":1,\"name\":\"In\u00edcio\",\"item\":\"https:\\\/\\\/adunir.com.br\\\/\"},{\"@type\":\"ListItem\",\"position\":2,\"name\":\"Filia\u00e7\u00e3o\"}]},{\"@type\":\"WebSite\",\"@id\":\"https:\\\/\\\/adunir.com.br\\\/#website\",\"url\":\"https:\\\/\\\/adunir.com.br\\\/\",\"name\":\"ADUNIR\",\"description\":\"Associa\u00e7\u00e3o dos Docentes da Universidade Federal de Rond\u00f4nia - Se\u00e7\u00e3o Sindical\",\"publisher\":{\"@id\":\"https:\\\/\\\/adunir.com.br\\\/#organization\"},\"potentialAction\":[{\"@type\":\"SearchAction\",\"target\":{\"@type\":\"EntryPoint\",\"urlTemplate\":\"https:\\\/\\\/adunir.com.br\\\/?s={search_term_string}\"},\"query-input\":{\"@type\":\"PropertyValueSpecification\",\"valueRequired\":true,\"valueName\":\"search_term_string\"}}],\"inLanguage\":\"pt-BR\"},{\"@type\":\"Organization\",\"@id\":\"https:\\\/\\\/adunir.com.br\\\/#organization\",\"name\":\"Associa\u00e7\u00e3o dos Docentes da Universidade Federal de Rond\u00f4nia - ADUNIR\",\"url\":\"https:\\\/\\\/adunir.com.br\\\/\",\"logo\":{\"@type\":\"ImageObject\",\"inLanguage\":\"pt-BR\",\"@id\":\"https:\\\/\\\/adunir.com.br\\\/#\\\/schema\\\/logo\\\/image\\\/\",\"url\":\"https:\\\/\\\/adunir.com.br\\\/wp-content\\\/uploads\\\/2023\\\/12\\\/cropped-logo_adunir.png\",\"contentUrl\":\"https:\\\/\\\/adunir.com.br\\\/wp-content\\\/uploads\\\/2023\\\/12\\\/cropped-logo_adunir.png\",\"width\":982,\"height\":102,\"caption\":\"Associa\u00e7\u00e3o dos Docentes da Universidade Federal de Rond\u00f4nia - ADUNIR\"},\"image\":{\"@id\":\"https:\\\/\\\/adunir.com.br\\\/#\\\/schema\\\/logo\\\/image\\\/\"},\"sameAs\":[\"https:\\\/\\\/www.facebook.com\\\/adunirsecaosindical.andes\\\/\"]}]}<\/script>\n<!-- \/ Yoast SEO plugin. -->","yoast_head_json":{"title":"Filia\u00e7\u00e3o - ADUNIR","robots":{"index":"index","follow":"follow","max-snippet":"max-snippet:-1","max-image-preview":"max-image-preview:large","max-video-preview":"max-video-preview:-1"},"canonical":"https:\/\/adunir.com.br\/index.php\/filiacao\/","og_locale":"pt_BR","og_type":"article","og_title":"Filia\u00e7\u00e3o - ADUNIR","og_description":"FICHA DE FILIA\u00c7\u00c3O EM PDF FICHA DE FILIA\u00c7\u00c3O EM ARQUIVO EDIT\u00c1VEL Em caso de desfilia\u00e7\u00e3o, \u00e9 necess\u00e1rio preencher o requerimento abaixo e encaminhar para o e-mail adunir.andes@gmail.com","og_url":"https:\/\/adunir.com.br\/index.php\/filiacao\/","og_site_name":"ADUNIR","article_publisher":"https:\/\/www.facebook.com\/adunirsecaosindical.andes\/","article_modified_time":"2025-04-16T14:14:32+00:00","twitter_card":"summary_large_image","twitter_misc":{"Est. tempo de leitura":"2 minutos"},"schema":{"@context":"https:\/\/schema.org","@graph":[{"@type":"WebPage","@id":"https:\/\/adunir.com.br\/index.php\/filiacao\/","url":"https:\/\/adunir.com.br\/index.php\/filiacao\/","name":"Filia\u00e7\u00e3o - ADUNIR","isPartOf":{"@id":"https:\/\/adunir.com.br\/#website"},"datePublished":"2022-07-22T20:20:39+00:00","dateModified":"2025-04-16T14:14:32+00:00","breadcrumb":{"@id":"https:\/\/adunir.com.br\/index.php\/filiacao\/#breadcrumb"},"inLanguage":"pt-BR","potentialAction":[{"@type":"ReadAction","target":["https:\/\/adunir.com.br\/index.php\/filiacao\/"]}]},{"@type":"BreadcrumbList","@id":"https:\/\/adunir.com.br\/index.php\/filiacao\/#breadcrumb","itemListElement":[{"@type":"ListItem","position":1,"name":"In\u00edcio","item":"https:\/\/adunir.com.br\/"},{"@type":"ListItem","position":2,"name":"Filia\u00e7\u00e3o"}]},{"@type":"WebSite","@id":"https:\/\/adunir.com.br\/#website","url":"https:\/\/adunir.com.br\/","name":"ADUNIR","description":"Associa\u00e7\u00e3o dos Docentes da Universidade Federal de Rond\u00f4nia - Se\u00e7\u00e3o Sindical","publisher":{"@id":"https:\/\/adunir.com.br\/#organization"},"potentialAction":[{"@type":"SearchAction","target":{"@type":"EntryPoint","urlTemplate":"https:\/\/adunir.com.br\/?s={search_term_string}"},"query-input":{"@type":"PropertyValueSpecification","valueRequired":true,"valueName":"search_term_string"}}],"inLanguage":"pt-BR"},{"@type":"Organization","@id":"https:\/\/adunir.com.br\/#organization","name":"Associa\u00e7\u00e3o dos Docentes da Universidade Federal de Rond\u00f4nia - ADUNIR","url":"https:\/\/adunir.com.br\/","logo":{"@type":"ImageObject","inLanguage":"pt-BR","@id":"https:\/\/adunir.com.br\/#\/schema\/logo\/image\/","url":"https:\/\/adunir.com.br\/wp-content\/uploads\/2023\/12\/cropped-logo_adunir.png","contentUrl":"https:\/\/adunir.com.br\/wp-content\/uploads\/2023\/12\/cropped-logo_adunir.png","width":982,"height":102,"caption":"Associa\u00e7\u00e3o dos Docentes da Universidade Federal de Rond\u00f4nia - ADUNIR"},"image":{"@id":"https:\/\/adunir.com.br\/#\/schema\/logo\/image\/"},"sameAs":["https:\/\/www.facebook.com\/adunirsecaosindical.andes\/"]}]}},"uagb_featured_image_src":{"full":false,"thumbnail":false,"medium":false,"medium_large":false,"large":false,"1536x1536":false,"2048x2048":false},"uagb_author_info":{"display_name":"adunir","author_link":"https:\/\/adunir.com.br\/index.php\/author\/adunir\/"},"uagb_comment_info":0,"uagb_excerpt":"FICHA DE FILIA\u00c7\u00c3O EM PDF FICHA DE FILIA\u00c7\u00c3O EM ARQUIVO EDIT\u00c1VEL Em caso de desfilia\u00e7\u00e3o, \u00e9 necess\u00e1rio preencher o requerimento abaixo e encaminhar para o e-mail adunir.andes@gmail.com","_links":{"self":[{"href":"https:\/\/adunir.com.br\/index.php\/wp-json\/wp\/v2\/pages\/1270","targetHints":{"allow":["GET"]}}],"collection":[{"href":"https:\/\/adunir.com.br\/index.php\/wp-json\/wp\/v2\/pages"}],"about":[{"href":"https:\/\/adunir.com.br\/index.php\/wp-json\/wp\/v2\/types\/page"}],"author":[{"embeddable":true,"href":"https:\/\/adunir.com.br\/index.php\/wp-json\/wp\/v2\/users\/1"}],"replies":[{"embeddable":true,"href":"https:\/\/adunir.com.br\/index.php\/wp-json\/wp\/v2\/comments?post=1270"}],"version-history":[{"count":24,"href":"https:\/\/adunir.com.br\/index.php\/wp-json\/wp\/v2\/pages\/1270\/revisions"}],"predecessor-version":[{"id":3619,"href":"https:\/\/adunir.com.br\/index.php\/wp-json\/wp\/v2\/pages\/1270\/revisions\/3619"}],"wp:attachment":[{"href":"https:\/\/adunir.com.br\/index.php\/wp-json\/wp\/v2\/media?parent=1270"}],"curies":[{"name":"wp","href":"https:\/\/api.w.org\/{rel}","templated":true}]}}