{"id":2108,"date":"2023-09-11T09:20:03","date_gmt":"2023-09-11T13:20:03","guid":{"rendered":"https:\/\/adunir.com.br\/?page_id=2108"},"modified":"2023-09-11T09:34:46","modified_gmt":"2023-09-11T13:34:46","slug":"adunir-40-anos","status":"publish","type":"page","link":"https:\/\/adunir.com.br\/index.php\/adunir-40-anos\/","title":{"rendered":"ADUNIR &#8211; 40 ANOS"},"content":{"rendered":"<div class=\"wp-block-image\">\n<figure class=\"aligncenter size-large is-resized\"><img loading=\"lazy\" decoding=\"async\" src=\"https:\/\/adunir.com.br\/wp-content\/uploads\/2023\/09\/WhatsApp-Image-2023-09-04-at-08.38.47-1024x800.jpeg\" alt=\"\" class=\"wp-image-2248\" style=\"width:490px;height:383px\" width=\"490\" height=\"383\" srcset=\"https:\/\/adunir.com.br\/wp-content\/uploads\/2023\/09\/WhatsApp-Image-2023-09-04-at-08.38.47-1024x800.jpeg 1024w, https:\/\/adunir.com.br\/wp-content\/uploads\/2023\/09\/WhatsApp-Image-2023-09-04-at-08.38.47-300x234.jpeg 300w, https:\/\/adunir.com.br\/wp-content\/uploads\/2023\/09\/WhatsApp-Image-2023-09-04-at-08.38.47-768x600.jpeg 768w, https:\/\/adunir.com.br\/wp-content\/uploads\/2023\/09\/WhatsApp-Image-2023-09-04-at-08.38.47.jpeg 1080w\" sizes=\"auto, (max-width: 490px) 100vw, 490px\" \/><\/figure>\n<\/div>\n\n\n<p>A ADUNIR est\u00e1 coletando fotos, documentos, acervos pessoais e p\u00fablicos para construir sua mem\u00f3ria sindical. Visando recompor a hist\u00f3ria da ADUNIR, a Gest\u00e3o Reconstruindo a Adunir lan\u00e7a, neste m\u00eas de setembro, um chamado aos docentes da Universidade Federal de Rond\u00f4nia (em atividade ou aposentados\/as) e demais membros da comunidade acad\u00eamica ou egressos que vivenciaram as in\u00fameras lutas da categoria ao longo dos 40 anos de exist\u00eancia de nossa Se\u00e7\u00e3o Sindical.<br>A ADUNIR est\u00e1 fazendo um levantamento dos principais fatos que marcaram a trajet\u00f3ria da categoria nesses 40 anos, com a coleta de informa\u00e7\u00f5es, dados hist\u00f3ricos das lutas (das greves, manifesta\u00e7\u00f5es etc.), imagens e mem\u00f3rias afetivas dos associados ao sindicato, que poder\u00e3o ser utilizadas em divulga\u00e7\u00f5es de materiais que produziremos na comemora\u00e7\u00e3o. \u00a0<\/p>\n\n\n\n<!--more-->\n\n\n\n<p>A ideia \u00e9 organizar o acervo do sindicato e iniciar o processo de constru\u00e7\u00e3o da mem\u00f3ria da ADUNIR e de sua base, com depoimentos e documentos digitalizados. O acervo documental catalogado e organizado, durante esta campanha, assim como os depoimentos registrados, servir\u00e3o de base para organizarmos um banco de dados multim\u00eddia, que possam ser integrados a um futuro Centro de Documenta\u00e7\u00e3o e Mem\u00f3ria do Sindicato.<br>Como posso participar?<br>A ADUNIR foi fundada em 08 de outubro de 1983. Ao longo desses 40 anos, voc\u00ea j\u00e1 vivenciou alguma conquista por interm\u00e9dio de nossa Se\u00e7\u00e3o Sindical? Quais mem\u00f3rias ou situa\u00e7\u00f5es envolvendo o sindicato voc\u00ea tem para compartilhar?<br>O nosso convite \u00e9 para voc\u00ea que tem boa mem\u00f3ria, recorda\u00e7\u00f5es e lembran\u00e7as sobre momentos da nossa hist\u00f3ria. Tamb\u00e9m, fa\u00e7a um relato, de forma sucinta, da sua hist\u00f3ria com o sindicato ou dos epis\u00f3dios marcantes nas lutas e greves da categoria. Se for imagem ou materiais impressos, fa\u00e7a uma breve descri\u00e7\u00e3o. *Para participar, envie a sua contribui\u00e7\u00e3o at\u00e9 30 de setembro de 2023*no Celular (69) 9 9302-5255 e para os e-mails&nbsp;<a href=\"mailto:adunir@adunir.com.br\" target=\"_blank\" rel=\"noreferrer noopener\">adunir@adunir.com.br<\/a>&nbsp;ou&nbsp;<a href=\"mailto:adunir.andes@gmail.com\" target=\"_blank\" rel=\"noreferrer noopener\">adunir.andes@gmail.com<\/a><br>Voc\u00ea pode tamb\u00e9m gravar um v\u00eddeo no pr\u00f3prio celular ou solicitar a ajuda da nossa secretaria (69) 9 9302-5255) para podermos realizar este registro de forma individual ou coletiva, reunindo aqueles que participaram das lutas.<\/p>\n\n\n\n<p>Vamos \u00e0 luta para registrar a nossa hist\u00f3ria!<\/p>\n\n\n\n<p><em>Diretoria da ADUNIR<\/em><\/p>\n\n\n<div class=\"wp-block-image\">\n<figure class=\"aligncenter size-full\"><img loading=\"lazy\" decoding=\"async\" width=\"500\" height=\"331\" src=\"https:\/\/adunir.com.br\/wp-content\/uploads\/2023\/09\/WhatsApp-Image-2023-09-04-at-08.27.53.jpeg\" alt=\"\" class=\"wp-image-2245\" srcset=\"https:\/\/adunir.com.br\/wp-content\/uploads\/2023\/09\/WhatsApp-Image-2023-09-04-at-08.27.53.jpeg 500w, https:\/\/adunir.com.br\/wp-content\/uploads\/2023\/09\/WhatsApp-Image-2023-09-04-at-08.27.53-300x199.jpeg 300w\" sizes=\"auto, (max-width: 500px) 100vw, 500px\" \/><\/figure>\n<\/div>","protected":false},"excerpt":{"rendered":"<p>A ADUNIR est\u00e1 coletando fotos, documentos, acervos pessoais e p\u00fablicos para construir sua mem\u00f3ria sindical. Visando recompor a hist\u00f3ria da ADUNIR, a Gest\u00e3o Reconstruindo a Adunir lan\u00e7a, neste m\u00eas de setembro, um chamado aos docentes da Universidade Federal de Rond\u00f4nia (em atividade ou aposentados\/as) e demais membros da comunidade acad\u00eamica ou egressos que vivenciaram as [&hellip;]<\/p>\n","protected":false},"author":1,"featured_media":2219,"parent":0,"menu_order":0,"comment_status":"closed","ping_status":"closed","template":"","meta":{"_uag_custom_page_level_css":"","footnotes":""},"class_list":["post-2108","page","type-page","status-publish","has-post-thumbnail","hentry"],"yoast_head":"<!-- This site is optimized with the Yoast SEO plugin v27.5 - https:\/\/yoast.com\/product\/yoast-seo-wordpress\/ -->\n<title>ADUNIR - 40 ANOS - ADUNIR<\/title>\n<meta name=\"robots\" content=\"index, follow, max-snippet:-1, max-image-preview:large, max-video-preview:-1\" \/>\n<link rel=\"canonical\" href=\"https:\/\/adunir.com.br\/index.php\/adunir-40-anos\/\" \/>\n<meta property=\"og:locale\" content=\"pt_BR\" \/>\n<meta property=\"og:type\" content=\"article\" \/>\n<meta property=\"og:title\" content=\"ADUNIR - 40 ANOS - ADUNIR\" \/>\n<meta property=\"og:description\" content=\"A ADUNIR est\u00e1 coletando fotos, documentos, acervos pessoais e p\u00fablicos para construir sua mem\u00f3ria sindical. Visando recompor a hist\u00f3ria da ADUNIR, a Gest\u00e3o Reconstruindo a Adunir lan\u00e7a, neste m\u00eas de setembro, um chamado aos docentes da Universidade Federal de Rond\u00f4nia (em atividade ou aposentados\/as) e demais membros da comunidade acad\u00eamica ou egressos que vivenciaram as [&hellip;]\" \/>\n<meta property=\"og:url\" content=\"https:\/\/adunir.com.br\/index.php\/adunir-40-anos\/\" \/>\n<meta property=\"og:site_name\" content=\"ADUNIR\" \/>\n<meta property=\"article:publisher\" content=\"https:\/\/www.facebook.com\/adunirsecaosindical.andes\/\" \/>\n<meta property=\"article:modified_time\" content=\"2023-09-11T13:34:46+00:00\" \/>\n<meta property=\"og:image\" content=\"https:\/\/adunir.com.br\/wp-content\/uploads\/2023\/09\/WhatsApp-Image-2023-09-04-at-07.38.49.jpeg\" \/>\n\t<meta property=\"og:image:width\" content=\"1080\" \/>\n\t<meta property=\"og:image:height\" content=\"844\" \/>\n\t<meta property=\"og:image:type\" content=\"image\/jpeg\" \/>\n<meta name=\"twitter:card\" content=\"summary_large_image\" \/>\n<meta name=\"twitter:label1\" content=\"Est. tempo de leitura\" \/>\n\t<meta name=\"twitter:data1\" content=\"3 minutos\" \/>\n<script type=\"application\/ld+json\" class=\"yoast-schema-graph\">{\"@context\":\"https:\\\/\\\/schema.org\",\"@graph\":[{\"@type\":\"WebPage\",\"@id\":\"https:\\\/\\\/adunir.com.br\\\/index.php\\\/adunir-40-anos\\\/\",\"url\":\"https:\\\/\\\/adunir.com.br\\\/index.php\\\/adunir-40-anos\\\/\",\"name\":\"ADUNIR - 40 ANOS - ADUNIR\",\"isPartOf\":{\"@id\":\"https:\\\/\\\/adunir.com.br\\\/#website\"},\"primaryImageOfPage\":{\"@id\":\"https:\\\/\\\/adunir.com.br\\\/index.php\\\/adunir-40-anos\\\/#primaryimage\"},\"image\":{\"@id\":\"https:\\\/\\\/adunir.com.br\\\/index.php\\\/adunir-40-anos\\\/#primaryimage\"},\"thumbnailUrl\":\"https:\\\/\\\/adunir.com.br\\\/wp-content\\\/uploads\\\/2023\\\/09\\\/WhatsApp-Image-2023-09-04-at-07.38.49.jpeg\",\"datePublished\":\"2023-09-11T13:20:03+00:00\",\"dateModified\":\"2023-09-11T13:34:46+00:00\",\"breadcrumb\":{\"@id\":\"https:\\\/\\\/adunir.com.br\\\/index.php\\\/adunir-40-anos\\\/#breadcrumb\"},\"inLanguage\":\"pt-BR\",\"potentialAction\":[{\"@type\":\"ReadAction\",\"target\":[\"https:\\\/\\\/adunir.com.br\\\/index.php\\\/adunir-40-anos\\\/\"]}]},{\"@type\":\"ImageObject\",\"inLanguage\":\"pt-BR\",\"@id\":\"https:\\\/\\\/adunir.com.br\\\/index.php\\\/adunir-40-anos\\\/#primaryimage\",\"url\":\"https:\\\/\\\/adunir.com.br\\\/wp-content\\\/uploads\\\/2023\\\/09\\\/WhatsApp-Image-2023-09-04-at-07.38.49.jpeg\",\"contentUrl\":\"https:\\\/\\\/adunir.com.br\\\/wp-content\\\/uploads\\\/2023\\\/09\\\/WhatsApp-Image-2023-09-04-at-07.38.49.jpeg\",\"width\":1080,\"height\":844},{\"@type\":\"BreadcrumbList\",\"@id\":\"https:\\\/\\\/adunir.com.br\\\/index.php\\\/adunir-40-anos\\\/#breadcrumb\",\"itemListElement\":[{\"@type\":\"ListItem\",\"position\":1,\"name\":\"In\u00edcio\",\"item\":\"https:\\\/\\\/adunir.com.br\\\/\"},{\"@type\":\"ListItem\",\"position\":2,\"name\":\"ADUNIR &#8211; 40 ANOS\"}]},{\"@type\":\"WebSite\",\"@id\":\"https:\\\/\\\/adunir.com.br\\\/#website\",\"url\":\"https:\\\/\\\/adunir.com.br\\\/\",\"name\":\"ADUNIR\",\"description\":\"Associa\u00e7\u00e3o dos Docentes da Universidade Federal de Rond\u00f4nia - Se\u00e7\u00e3o Sindical\",\"publisher\":{\"@id\":\"https:\\\/\\\/adunir.com.br\\\/#organization\"},\"potentialAction\":[{\"@type\":\"SearchAction\",\"target\":{\"@type\":\"EntryPoint\",\"urlTemplate\":\"https:\\\/\\\/adunir.com.br\\\/?s={search_term_string}\"},\"query-input\":{\"@type\":\"PropertyValueSpecification\",\"valueRequired\":true,\"valueName\":\"search_term_string\"}}],\"inLanguage\":\"pt-BR\"},{\"@type\":\"Organization\",\"@id\":\"https:\\\/\\\/adunir.com.br\\\/#organization\",\"name\":\"Associa\u00e7\u00e3o dos Docentes da Universidade Federal de Rond\u00f4nia - ADUNIR\",\"url\":\"https:\\\/\\\/adunir.com.br\\\/\",\"logo\":{\"@type\":\"ImageObject\",\"inLanguage\":\"pt-BR\",\"@id\":\"https:\\\/\\\/adunir.com.br\\\/#\\\/schema\\\/logo\\\/image\\\/\",\"url\":\"https:\\\/\\\/adunir.com.br\\\/wp-content\\\/uploads\\\/2023\\\/12\\\/cropped-logo_adunir.png\",\"contentUrl\":\"https:\\\/\\\/adunir.com.br\\\/wp-content\\\/uploads\\\/2023\\\/12\\\/cropped-logo_adunir.png\",\"width\":982,\"height\":102,\"caption\":\"Associa\u00e7\u00e3o dos Docentes da Universidade Federal de Rond\u00f4nia - ADUNIR\"},\"image\":{\"@id\":\"https:\\\/\\\/adunir.com.br\\\/#\\\/schema\\\/logo\\\/image\\\/\"},\"sameAs\":[\"https:\\\/\\\/www.facebook.com\\\/adunirsecaosindical.andes\\\/\"]}]}<\/script>\n<!-- \/ Yoast SEO plugin. -->","yoast_head_json":{"title":"ADUNIR - 40 ANOS - ADUNIR","robots":{"index":"index","follow":"follow","max-snippet":"max-snippet:-1","max-image-preview":"max-image-preview:large","max-video-preview":"max-video-preview:-1"},"canonical":"https:\/\/adunir.com.br\/index.php\/adunir-40-anos\/","og_locale":"pt_BR","og_type":"article","og_title":"ADUNIR - 40 ANOS - ADUNIR","og_description":"A ADUNIR est\u00e1 coletando fotos, documentos, acervos pessoais e p\u00fablicos para construir sua mem\u00f3ria sindical. Visando recompor a hist\u00f3ria da ADUNIR, a Gest\u00e3o Reconstruindo a Adunir lan\u00e7a, neste m\u00eas de setembro, um chamado aos docentes da Universidade Federal de Rond\u00f4nia (em atividade ou aposentados\/as) e demais membros da comunidade acad\u00eamica ou egressos que vivenciaram as [&hellip;]","og_url":"https:\/\/adunir.com.br\/index.php\/adunir-40-anos\/","og_site_name":"ADUNIR","article_publisher":"https:\/\/www.facebook.com\/adunirsecaosindical.andes\/","article_modified_time":"2023-09-11T13:34:46+00:00","og_image":[{"width":1080,"height":844,"url":"https:\/\/adunir.com.br\/wp-content\/uploads\/2023\/09\/WhatsApp-Image-2023-09-04-at-07.38.49.jpeg","type":"image\/jpeg"}],"twitter_card":"summary_large_image","twitter_misc":{"Est. tempo de leitura":"3 minutos"},"schema":{"@context":"https:\/\/schema.org","@graph":[{"@type":"WebPage","@id":"https:\/\/adunir.com.br\/index.php\/adunir-40-anos\/","url":"https:\/\/adunir.com.br\/index.php\/adunir-40-anos\/","name":"ADUNIR - 40 ANOS - ADUNIR","isPartOf":{"@id":"https:\/\/adunir.com.br\/#website"},"primaryImageOfPage":{"@id":"https:\/\/adunir.com.br\/index.php\/adunir-40-anos\/#primaryimage"},"image":{"@id":"https:\/\/adunir.com.br\/index.php\/adunir-40-anos\/#primaryimage"},"thumbnailUrl":"https:\/\/adunir.com.br\/wp-content\/uploads\/2023\/09\/WhatsApp-Image-2023-09-04-at-07.38.49.jpeg","datePublished":"2023-09-11T13:20:03+00:00","dateModified":"2023-09-11T13:34:46+00:00","breadcrumb":{"@id":"https:\/\/adunir.com.br\/index.php\/adunir-40-anos\/#breadcrumb"},"inLanguage":"pt-BR","potentialAction":[{"@type":"ReadAction","target":["https:\/\/adunir.com.br\/index.php\/adunir-40-anos\/"]}]},{"@type":"ImageObject","inLanguage":"pt-BR","@id":"https:\/\/adunir.com.br\/index.php\/adunir-40-anos\/#primaryimage","url":"https:\/\/adunir.com.br\/wp-content\/uploads\/2023\/09\/WhatsApp-Image-2023-09-04-at-07.38.49.jpeg","contentUrl":"https:\/\/adunir.com.br\/wp-content\/uploads\/2023\/09\/WhatsApp-Image-2023-09-04-at-07.38.49.jpeg","width":1080,"height":844},{"@type":"BreadcrumbList","@id":"https:\/\/adunir.com.br\/index.php\/adunir-40-anos\/#breadcrumb","itemListElement":[{"@type":"ListItem","position":1,"name":"In\u00edcio","item":"https:\/\/adunir.com.br\/"},{"@type":"ListItem","position":2,"name":"ADUNIR &#8211; 40 ANOS"}]},{"@type":"WebSite","@id":"https:\/\/adunir.com.br\/#website","url":"https:\/\/adunir.com.br\/","name":"ADUNIR","description":"Associa\u00e7\u00e3o dos Docentes da Universidade Federal de Rond\u00f4nia - Se\u00e7\u00e3o Sindical","publisher":{"@id":"https:\/\/adunir.com.br\/#organization"},"potentialAction":[{"@type":"SearchAction","target":{"@type":"EntryPoint","urlTemplate":"https:\/\/adunir.com.br\/?s={search_term_string}"},"query-input":{"@type":"PropertyValueSpecification","valueRequired":true,"valueName":"search_term_string"}}],"inLanguage":"pt-BR"},{"@type":"Organization","@id":"https:\/\/adunir.com.br\/#organization","name":"Associa\u00e7\u00e3o dos Docentes da Universidade Federal de Rond\u00f4nia - ADUNIR","url":"https:\/\/adunir.com.br\/","logo":{"@type":"ImageObject","inLanguage":"pt-BR","@id":"https:\/\/adunir.com.br\/#\/schema\/logo\/image\/","url":"https:\/\/adunir.com.br\/wp-content\/uploads\/2023\/12\/cropped-logo_adunir.png","contentUrl":"https:\/\/adunir.com.br\/wp-content\/uploads\/2023\/12\/cropped-logo_adunir.png","width":982,"height":102,"caption":"Associa\u00e7\u00e3o dos Docentes da Universidade Federal de Rond\u00f4nia - ADUNIR"},"image":{"@id":"https:\/\/adunir.com.br\/#\/schema\/logo\/image\/"},"sameAs":["https:\/\/www.facebook.com\/adunirsecaosindical.andes\/"]}]}},"uagb_featured_image_src":{"full":["https:\/\/adunir.com.br\/wp-content\/uploads\/2023\/09\/WhatsApp-Image-2023-09-04-at-07.38.49.jpeg",1080,844,false],"thumbnail":["https:\/\/adunir.com.br\/wp-content\/uploads\/2023\/09\/WhatsApp-Image-2023-09-04-at-07.38.49-150x150.jpeg",150,150,true],"medium":["https:\/\/adunir.com.br\/wp-content\/uploads\/2023\/09\/WhatsApp-Image-2023-09-04-at-07.38.49-300x234.jpeg",300,234,true],"medium_large":["https:\/\/adunir.com.br\/wp-content\/uploads\/2023\/09\/WhatsApp-Image-2023-09-04-at-07.38.49-768x600.jpeg",768,600,true],"large":["https:\/\/adunir.com.br\/wp-content\/uploads\/2023\/09\/WhatsApp-Image-2023-09-04-at-07.38.49-1024x800.jpeg",1024,800,true],"1536x1536":["https:\/\/adunir.com.br\/wp-content\/uploads\/2023\/09\/WhatsApp-Image-2023-09-04-at-07.38.49.jpeg",1080,844,false],"2048x2048":["https:\/\/adunir.com.br\/wp-content\/uploads\/2023\/09\/WhatsApp-Image-2023-09-04-at-07.38.49.jpeg",1080,844,false]},"uagb_author_info":{"display_name":"adunir","author_link":"https:\/\/adunir.com.br\/index.php\/author\/adunir\/"},"uagb_comment_info":0,"uagb_excerpt":"A ADUNIR est\u00e1 coletando fotos, documentos, acervos pessoais e p\u00fablicos para construir sua mem\u00f3ria sindical. Visando recompor a hist\u00f3ria da ADUNIR, a Gest\u00e3o Reconstruindo a Adunir lan\u00e7a, neste m\u00eas de setembro, um chamado aos docentes da Universidade Federal de Rond\u00f4nia (em atividade ou aposentados\/as) e demais membros da comunidade acad\u00eamica ou egressos que vivenciaram as&hellip;","_links":{"self":[{"href":"https:\/\/adunir.com.br\/index.php\/wp-json\/wp\/v2\/pages\/2108","targetHints":{"allow":["GET"]}}],"collection":[{"href":"https:\/\/adunir.com.br\/index.php\/wp-json\/wp\/v2\/pages"}],"about":[{"href":"https:\/\/adunir.com.br\/index.php\/wp-json\/wp\/v2\/types\/page"}],"author":[{"embeddable":true,"href":"https:\/\/adunir.com.br\/index.php\/wp-json\/wp\/v2\/users\/1"}],"replies":[{"embeddable":true,"href":"https:\/\/adunir.com.br\/index.php\/wp-json\/wp\/v2\/comments?post=2108"}],"version-history":[{"count":3,"href":"https:\/\/adunir.com.br\/index.php\/wp-json\/wp\/v2\/pages\/2108\/revisions"}],"predecessor-version":[{"id":2383,"href":"https:\/\/adunir.com.br\/index.php\/wp-json\/wp\/v2\/pages\/2108\/revisions\/2383"}],"wp:featuredmedia":[{"embeddable":true,"href":"https:\/\/adunir.com.br\/index.php\/wp-json\/wp\/v2\/media\/2219"}],"wp:attachment":[{"href":"https:\/\/adunir.com.br\/index.php\/wp-json\/wp\/v2\/media?parent=2108"}],"curies":[{"name":"wp","href":"https:\/\/api.w.org\/{rel}","templated":true}]}}