{"id":2221,"date":"2023-09-06T10:35:29","date_gmt":"2023-09-06T14:35:29","guid":{"rendered":"https:\/\/adunir.com.br\/?page_id=2221"},"modified":"2023-09-08T10:59:32","modified_gmt":"2023-09-08T14:59:32","slug":"prestacao-de-contas","status":"publish","type":"page","link":"https:\/\/adunir.com.br\/index.php\/prestacao-de-contas\/","title":{"rendered":"Presta\u00e7\u00e3o de Contas"},"content":{"rendered":"\n<p>Em Assembleia Geral realizada dia 17 de agosto, o Conselho Fiscal da ADUNIR apresentou e aprovou as contas da entidade de agosto de 2022 a junho de 2023 sem ressalvas, sendo a decis\u00e3o referendada na Assembleia Geral. <\/p>\n\n\n\n<p>Na Assembleia, o professor Israel Xavier Batista, enquanto presidente do Conselho Fiscal, apresentou o parecer enfatizando a precis\u00e3o de responsabilidade de gastos da gest\u00e3o Reconstruindo a ADUNIR, para uso exclusivo de demandas e necessidades da categoria docente. A plen\u00e1ria em unanimidade, aprovou o parecer do Conselho Fiscal.<\/p>\n\n\n\n<p>Segue abaixo a presta\u00e7\u00e3o de contas e o parecer do Conselho Fiscal.<\/p>\n\n\n\n<div data-wp-interactive=\"core\/file\" class=\"wp-block-file\"><object data-wp-bind--hidden=\"!state.hasPdfPreview\" hidden class=\"wp-block-file__embed\" data=\"https:\/\/adunir.com.br\/wp-content\/uploads\/2023\/09\/PRESTACAO-DE-CONTAS-DE-AGOSTO-DE-2022-A-JUNHO-DE-2023-1.pdf\" type=\"application\/pdf\" style=\"width:100%;height:600px\" aria-label=\"Incorporado de PRESTACAO-DE-CONTAS-DE-AGOSTO-DE-2022-A-JUNHO-DE-2023-1.\"><\/object><a id=\"wp-block-file--media-218a848b-4372-4554-badd-dfe5f0440fbb\" href=\"https:\/\/adunir.com.br\/wp-content\/uploads\/2023\/09\/PRESTACAO-DE-CONTAS-DE-AGOSTO-DE-2022-A-JUNHO-DE-2023-1.pdf\">PRESTACAO-DE-CONTAS-DE-AGOSTO-DE-2022-A-JUNHO-DE-2023-1<\/a><a href=\"https:\/\/adunir.com.br\/wp-content\/uploads\/2023\/09\/PRESTACAO-DE-CONTAS-DE-AGOSTO-DE-2022-A-JUNHO-DE-2023-1.pdf\" class=\"wp-block-file__button wp-element-button\" download aria-describedby=\"wp-block-file--media-218a848b-4372-4554-badd-dfe5f0440fbb\">Baixar<\/a><\/div>\n","protected":false},"excerpt":{"rendered":"<p>Em Assembleia Geral realizada dia 17 de agosto, o Conselho Fiscal da ADUNIR apresentou e aprovou as contas da entidade de agosto de 2022 a junho de 2023 sem ressalvas, sendo a decis\u00e3o referendada na Assembleia Geral. Na Assembleia, o professor Israel Xavier Batista, enquanto presidente do Conselho Fiscal, apresentou o parecer enfatizando a precis\u00e3o [&hellip;]<\/p>\n","protected":false},"author":1,"featured_media":0,"parent":0,"menu_order":0,"comment_status":"closed","ping_status":"closed","template":"","meta":{"_uag_custom_page_level_css":"","footnotes":""},"class_list":["post-2221","page","type-page","status-publish","hentry"],"yoast_head":"<!-- This site is optimized with the Yoast SEO plugin v27.5 - https:\/\/yoast.com\/product\/yoast-seo-wordpress\/ -->\n<title>Presta\u00e7\u00e3o de Contas - ADUNIR<\/title>\n<meta name=\"robots\" content=\"index, follow, max-snippet:-1, max-image-preview:large, max-video-preview:-1\" \/>\n<link rel=\"canonical\" href=\"https:\/\/adunir.com.br\/index.php\/prestacao-de-contas\/\" \/>\n<meta property=\"og:locale\" content=\"pt_BR\" \/>\n<meta property=\"og:type\" content=\"article\" \/>\n<meta property=\"og:title\" content=\"Presta\u00e7\u00e3o de Contas - ADUNIR\" \/>\n<meta property=\"og:description\" content=\"Em Assembleia Geral realizada dia 17 de agosto, o Conselho Fiscal da ADUNIR apresentou e aprovou as contas da entidade de agosto de 2022 a junho de 2023 sem ressalvas, sendo a decis\u00e3o referendada na Assembleia Geral. Na Assembleia, o professor Israel Xavier Batista, enquanto presidente do Conselho Fiscal, apresentou o parecer enfatizando a precis\u00e3o [&hellip;]\" \/>\n<meta property=\"og:url\" content=\"https:\/\/adunir.com.br\/index.php\/prestacao-de-contas\/\" \/>\n<meta property=\"og:site_name\" content=\"ADUNIR\" \/>\n<meta property=\"article:publisher\" content=\"https:\/\/www.facebook.com\/adunirsecaosindical.andes\/\" \/>\n<meta property=\"article:modified_time\" content=\"2023-09-08T14:59:32+00:00\" \/>\n<meta name=\"twitter:card\" content=\"summary_large_image\" \/>\n<meta name=\"twitter:label1\" content=\"Est. tempo de leitura\" \/>\n\t<meta name=\"twitter:data1\" content=\"1 minuto\" \/>\n<script type=\"application\/ld+json\" class=\"yoast-schema-graph\">{\"@context\":\"https:\\\/\\\/schema.org\",\"@graph\":[{\"@type\":\"WebPage\",\"@id\":\"https:\\\/\\\/adunir.com.br\\\/index.php\\\/prestacao-de-contas\\\/\",\"url\":\"https:\\\/\\\/adunir.com.br\\\/index.php\\\/prestacao-de-contas\\\/\",\"name\":\"Presta\u00e7\u00e3o de Contas - ADUNIR\",\"isPartOf\":{\"@id\":\"https:\\\/\\\/adunir.com.br\\\/#website\"},\"datePublished\":\"2023-09-06T14:35:29+00:00\",\"dateModified\":\"2023-09-08T14:59:32+00:00\",\"breadcrumb\":{\"@id\":\"https:\\\/\\\/adunir.com.br\\\/index.php\\\/prestacao-de-contas\\\/#breadcrumb\"},\"inLanguage\":\"pt-BR\",\"potentialAction\":[{\"@type\":\"ReadAction\",\"target\":[\"https:\\\/\\\/adunir.com.br\\\/index.php\\\/prestacao-de-contas\\\/\"]}]},{\"@type\":\"BreadcrumbList\",\"@id\":\"https:\\\/\\\/adunir.com.br\\\/index.php\\\/prestacao-de-contas\\\/#breadcrumb\",\"itemListElement\":[{\"@type\":\"ListItem\",\"position\":1,\"name\":\"In\u00edcio\",\"item\":\"https:\\\/\\\/adunir.com.br\\\/\"},{\"@type\":\"ListItem\",\"position\":2,\"name\":\"Presta\u00e7\u00e3o de Contas\"}]},{\"@type\":\"WebSite\",\"@id\":\"https:\\\/\\\/adunir.com.br\\\/#website\",\"url\":\"https:\\\/\\\/adunir.com.br\\\/\",\"name\":\"ADUNIR\",\"description\":\"Associa\u00e7\u00e3o dos Docentes da Universidade Federal de Rond\u00f4nia - Se\u00e7\u00e3o Sindical\",\"publisher\":{\"@id\":\"https:\\\/\\\/adunir.com.br\\\/#organization\"},\"potentialAction\":[{\"@type\":\"SearchAction\",\"target\":{\"@type\":\"EntryPoint\",\"urlTemplate\":\"https:\\\/\\\/adunir.com.br\\\/?s={search_term_string}\"},\"query-input\":{\"@type\":\"PropertyValueSpecification\",\"valueRequired\":true,\"valueName\":\"search_term_string\"}}],\"inLanguage\":\"pt-BR\"},{\"@type\":\"Organization\",\"@id\":\"https:\\\/\\\/adunir.com.br\\\/#organization\",\"name\":\"Associa\u00e7\u00e3o dos Docentes da Universidade Federal de Rond\u00f4nia - ADUNIR\",\"url\":\"https:\\\/\\\/adunir.com.br\\\/\",\"logo\":{\"@type\":\"ImageObject\",\"inLanguage\":\"pt-BR\",\"@id\":\"https:\\\/\\\/adunir.com.br\\\/#\\\/schema\\\/logo\\\/image\\\/\",\"url\":\"https:\\\/\\\/adunir.com.br\\\/wp-content\\\/uploads\\\/2023\\\/12\\\/cropped-logo_adunir.png\",\"contentUrl\":\"https:\\\/\\\/adunir.com.br\\\/wp-content\\\/uploads\\\/2023\\\/12\\\/cropped-logo_adunir.png\",\"width\":982,\"height\":102,\"caption\":\"Associa\u00e7\u00e3o dos Docentes da Universidade Federal de Rond\u00f4nia - ADUNIR\"},\"image\":{\"@id\":\"https:\\\/\\\/adunir.com.br\\\/#\\\/schema\\\/logo\\\/image\\\/\"},\"sameAs\":[\"https:\\\/\\\/www.facebook.com\\\/adunirsecaosindical.andes\\\/\"]}]}<\/script>\n<!-- \/ Yoast SEO plugin. -->","yoast_head_json":{"title":"Presta\u00e7\u00e3o de Contas - ADUNIR","robots":{"index":"index","follow":"follow","max-snippet":"max-snippet:-1","max-image-preview":"max-image-preview:large","max-video-preview":"max-video-preview:-1"},"canonical":"https:\/\/adunir.com.br\/index.php\/prestacao-de-contas\/","og_locale":"pt_BR","og_type":"article","og_title":"Presta\u00e7\u00e3o de Contas - ADUNIR","og_description":"Em Assembleia Geral realizada dia 17 de agosto, o Conselho Fiscal da ADUNIR apresentou e aprovou as contas da entidade de agosto de 2022 a junho de 2023 sem ressalvas, sendo a decis\u00e3o referendada na Assembleia Geral. Na Assembleia, o professor Israel Xavier Batista, enquanto presidente do Conselho Fiscal, apresentou o parecer enfatizando a precis\u00e3o [&hellip;]","og_url":"https:\/\/adunir.com.br\/index.php\/prestacao-de-contas\/","og_site_name":"ADUNIR","article_publisher":"https:\/\/www.facebook.com\/adunirsecaosindical.andes\/","article_modified_time":"2023-09-08T14:59:32+00:00","twitter_card":"summary_large_image","twitter_misc":{"Est. tempo de leitura":"1 minuto"},"schema":{"@context":"https:\/\/schema.org","@graph":[{"@type":"WebPage","@id":"https:\/\/adunir.com.br\/index.php\/prestacao-de-contas\/","url":"https:\/\/adunir.com.br\/index.php\/prestacao-de-contas\/","name":"Presta\u00e7\u00e3o de Contas - ADUNIR","isPartOf":{"@id":"https:\/\/adunir.com.br\/#website"},"datePublished":"2023-09-06T14:35:29+00:00","dateModified":"2023-09-08T14:59:32+00:00","breadcrumb":{"@id":"https:\/\/adunir.com.br\/index.php\/prestacao-de-contas\/#breadcrumb"},"inLanguage":"pt-BR","potentialAction":[{"@type":"ReadAction","target":["https:\/\/adunir.com.br\/index.php\/prestacao-de-contas\/"]}]},{"@type":"BreadcrumbList","@id":"https:\/\/adunir.com.br\/index.php\/prestacao-de-contas\/#breadcrumb","itemListElement":[{"@type":"ListItem","position":1,"name":"In\u00edcio","item":"https:\/\/adunir.com.br\/"},{"@type":"ListItem","position":2,"name":"Presta\u00e7\u00e3o de Contas"}]},{"@type":"WebSite","@id":"https:\/\/adunir.com.br\/#website","url":"https:\/\/adunir.com.br\/","name":"ADUNIR","description":"Associa\u00e7\u00e3o dos Docentes da Universidade Federal de Rond\u00f4nia - Se\u00e7\u00e3o Sindical","publisher":{"@id":"https:\/\/adunir.com.br\/#organization"},"potentialAction":[{"@type":"SearchAction","target":{"@type":"EntryPoint","urlTemplate":"https:\/\/adunir.com.br\/?s={search_term_string}"},"query-input":{"@type":"PropertyValueSpecification","valueRequired":true,"valueName":"search_term_string"}}],"inLanguage":"pt-BR"},{"@type":"Organization","@id":"https:\/\/adunir.com.br\/#organization","name":"Associa\u00e7\u00e3o dos Docentes da Universidade Federal de Rond\u00f4nia - ADUNIR","url":"https:\/\/adunir.com.br\/","logo":{"@type":"ImageObject","inLanguage":"pt-BR","@id":"https:\/\/adunir.com.br\/#\/schema\/logo\/image\/","url":"https:\/\/adunir.com.br\/wp-content\/uploads\/2023\/12\/cropped-logo_adunir.png","contentUrl":"https:\/\/adunir.com.br\/wp-content\/uploads\/2023\/12\/cropped-logo_adunir.png","width":982,"height":102,"caption":"Associa\u00e7\u00e3o dos Docentes da Universidade Federal de Rond\u00f4nia - ADUNIR"},"image":{"@id":"https:\/\/adunir.com.br\/#\/schema\/logo\/image\/"},"sameAs":["https:\/\/www.facebook.com\/adunirsecaosindical.andes\/"]}]}},"uagb_featured_image_src":{"full":false,"thumbnail":false,"medium":false,"medium_large":false,"large":false,"1536x1536":false,"2048x2048":false},"uagb_author_info":{"display_name":"adunir","author_link":"https:\/\/adunir.com.br\/index.php\/author\/adunir\/"},"uagb_comment_info":0,"uagb_excerpt":"Em Assembleia Geral realizada dia 17 de agosto, o Conselho Fiscal da ADUNIR apresentou e aprovou as contas da entidade de agosto de 2022 a junho de 2023 sem ressalvas, sendo a decis\u00e3o referendada na Assembleia Geral. Na Assembleia, o professor Israel Xavier Batista, enquanto presidente do Conselho Fiscal, apresentou o parecer enfatizando a precis\u00e3o&hellip;","_links":{"self":[{"href":"https:\/\/adunir.com.br\/index.php\/wp-json\/wp\/v2\/pages\/2221","targetHints":{"allow":["GET"]}}],"collection":[{"href":"https:\/\/adunir.com.br\/index.php\/wp-json\/wp\/v2\/pages"}],"about":[{"href":"https:\/\/adunir.com.br\/index.php\/wp-json\/wp\/v2\/types\/page"}],"author":[{"embeddable":true,"href":"https:\/\/adunir.com.br\/index.php\/wp-json\/wp\/v2\/users\/1"}],"replies":[{"embeddable":true,"href":"https:\/\/adunir.com.br\/index.php\/wp-json\/wp\/v2\/comments?post=2221"}],"version-history":[{"count":5,"href":"https:\/\/adunir.com.br\/index.php\/wp-json\/wp\/v2\/pages\/2221\/revisions"}],"predecessor-version":[{"id":3886,"href":"https:\/\/adunir.com.br\/index.php\/wp-json\/wp\/v2\/pages\/2221\/revisions\/3886"}],"wp:attachment":[{"href":"https:\/\/adunir.com.br\/index.php\/wp-json\/wp\/v2\/media?parent=2221"}],"curies":[{"name":"wp","href":"https:\/\/api.w.org\/{rel}","templated":true}]}}

Prestação de Contas

<p>Em Assembleia Geral realizada dia 17 de agosto, o Conselho Fiscal da ADUNIR apresentou e aprovou as contas da entidade de agosto de 2022 a junho de 2023 sem ressalvas, sendo a decisão referendada na Assembleia Geral. </p>



<p>Na Assembleia, o professor Israel Xavier Batista, enquanto presidente do Conselho Fiscal, apresentou o parecer enfatizando a precisão de responsabilidade de gastos da gestão Reconstruindo a ADUNIR, para uso exclusivo de demandas e necessidades da categoria docente. A plenária em unanimidade, aprovou o parecer do Conselho Fiscal.</p>



<p>Segue abaixo a prestação de contas e o parecer do Conselho Fiscal.</p>



<div data-wp-interactive="core/file" class="wp-block-file"><object data-wp-bind--hidden="!state.hasPdfPreview" hidden class="wp-block-file__embed" data="https://adunir.com.br/wp-content/uploads/2023/09/PRESTACAO-DE-CONTAS-DE-AGOSTO-DE-2022-A-JUNHO-DE-2023-1.pdf" type="application/pdf" style="width:100%;height:600px" aria-label="Incorporado de PRESTACAO-DE-CONTAS-DE-AGOSTO-DE-2022-A-JUNHO-DE-2023-1."></object><a id="wp-block-file--media-218a848b-4372-4554-badd-dfe5f0440fbb" href="https://adunir.com.br/wp-content/uploads/2023/09/PRESTACAO-DE-CONTAS-DE-AGOSTO-DE-2022-A-JUNHO-DE-2023-1.pdf">PRESTACAO-DE-CONTAS-DE-AGOSTO-DE-2022-A-JUNHO-DE-2023-1</a><a href="https://adunir.com.br/wp-content/uploads/2023/09/PRESTACAO-DE-CONTAS-DE-AGOSTO-DE-2022-A-JUNHO-DE-2023-1.pdf" class="wp-block-file__button wp-element-button" download aria-describedby="wp-block-file--media-218a848b-4372-4554-badd-dfe5f0440fbb">Baixar</a></div>

<p>Em Assembleia Geral realizada dia 17 de agosto, o Conselho Fiscal da ADUNIR apresentou e aprovou as contas da entidade de agosto de 2022 a junho de 2023 sem ressalvas, sendo a decisão referendada na Assembleia Geral. Na Assembleia, o professor Israel Xavier Batista, enquanto presidente do Conselho Fiscal, apresentou o parecer enfatizando a precisão [&hellip;]</p>

<!-- This site is optimized with the Yoast SEO plugin v27.5 - https://yoast.com/product/yoast-seo-wordpress/ -->
<title>Prestação de Contas - ADUNIR</title>
<meta name="robots" content="index, follow, max-snippet:-1, max-image-preview:large, max-video-preview:-1" />
<link rel="canonical" href="https://adunir.com.br/index.php/prestacao-de-contas/" />
<meta property="og:locale" content="pt_BR" />
<meta property="og:type" content="article" />
<meta property="og:title" content="Prestação de Contas - ADUNIR" />
<meta property="og:description" content="Em Assembleia Geral realizada dia 17 de agosto, o Conselho Fiscal da ADUNIR apresentou e aprovou as contas da entidade de agosto de 2022 a junho de 2023 sem ressalvas, sendo a decisão referendada na Assembleia Geral. Na Assembleia, o professor Israel Xavier Batista, enquanto presidente do Conselho Fiscal, apresentou o parecer enfatizando a precisão [&hellip;]" />
<meta property="og:url" content="https://adunir.com.br/index.php/prestacao-de-contas/" />
<meta property="og:site_name" content="ADUNIR" />
<meta property="article:publisher" content="https://www.facebook.com/adunirsecaosindical.andes/" />
<meta property="article:modified_time" content="2023-09-08T14:59:32+00:00" />
<meta name="twitter:card" content="summary_large_image" />
<meta name="twitter:label1" content="Est. tempo de leitura" />
	<meta name="twitter:data1" content="1 minuto" />
<script type="application/ld+json" class="yoast-schema-graph">{"@context":"https:\/\/schema.org","@graph":[{"@type":"WebPage","@id":"https:\/\/adunir.com.br\/index.php\/prestacao-de-contas\/","url":"https:\/\/adunir.com.br\/index.php\/prestacao-de-contas\/","name":"Prestação de Contas - ADUNIR","isPartOf":{"@id":"https:\/\/adunir.com.br\/#website"},"datePublished":"2023-09-06T14:35:29+00:00","dateModified":"2023-09-08T14:59:32+00:00","breadcrumb":{"@id":"https:\/\/adunir.com.br\/index.php\/prestacao-de-contas\/#breadcrumb"},"inLanguage":"pt-BR","potentialAction":[{"@type":"ReadAction","target":["https:\/\/adunir.com.br\/index.php\/prestacao-de-contas\/"]}]},{"@type":"BreadcrumbList","@id":"https:\/\/adunir.com.br\/index.php\/prestacao-de-contas\/#breadcrumb","itemListElement":[{"@type":"ListItem","position":1,"name":"Início","item":"https:\/\/adunir.com.br\/"},{"@type":"ListItem","position":2,"name":"Prestação de Contas"}]},{"@type":"WebSite","@id":"https:\/\/adunir.com.br\/#website","url":"https:\/\/adunir.com.br\/","name":"ADUNIR","description":"Associação dos Docentes da Universidade Federal de Rondônia - Seção Sindical","publisher":{"@id":"https:\/\/adunir.com.br\/#organization"},"potentialAction":[{"@type":"SearchAction","target":{"@type":"EntryPoint","urlTemplate":"https:\/\/adunir.com.br\/?s={search_term_string}"},"query-input":{"@type":"PropertyValueSpecification","valueRequired":true,"valueName":"search_term_string"}}],"inLanguage":"pt-BR"},{"@type":"Organization","@id":"https:\/\/adunir.com.br\/#organization","name":"Associação dos Docentes da Universidade Federal de Rondônia - ADUNIR","url":"https:\/\/adunir.com.br\/","logo":{"@type":"ImageObject","inLanguage":"pt-BR","@id":"https:\/\/adunir.com.br\/#\/schema\/logo\/image\/","url":"https:\/\/adunir.com.br\/wp-content\/uploads\/2023\/12\/cropped-logo_adunir.png","contentUrl":"https:\/\/adunir.com.br\/wp-content\/uploads\/2023\/12\/cropped-logo_adunir.png","width":982,"height":102,"caption":"Associação dos Docentes da Universidade Federal de Rondônia - ADUNIR"},"image":{"@id":"https:\/\/adunir.com.br\/#\/schema\/logo\/image\/"},"sameAs":["https:\/\/www.facebook.com\/adunirsecaosindical.andes\/"]}]}</script>
<!-- / Yoast SEO plugin. -->

Prestação de Contas - ADUNIR

Em Assembleia Geral realizada dia 17 de agosto, o Conselho Fiscal da ADUNIR apresentou e aprovou as contas da entidade de agosto de 2022 a junho de 2023 sem ressalvas, sendo a decisão referendada na Assembleia Geral. Na Assembleia, o professor Israel Xavier Batista, enquanto presidente do Conselho Fiscal, apresentou o parecer enfatizando a precisão [&hellip;]

Início

Associação dos Docentes da Universidade Federal de Rondônia - Seção Sindical

Associação dos Docentes da Universidade Federal de Rondônia - ADUNIR

Em Assembleia Geral realizada dia 17 de agosto, o Conselho Fiscal da ADUNIR apresentou e aprovou as contas da entidade de agosto de 2022 a junho de 2023 sem ressalvas, sendo a decisão referendada na Assembleia Geral. Na Assembleia, o professor Israel Xavier Batista, enquanto presidente do Conselho Fiscal, apresentou o parecer enfatizando a precisão&hellip;
