{"id":3903,"date":"2025-11-28T17:15:13","date_gmt":"2025-11-28T21:15:13","guid":{"rendered":"https:\/\/adunir.com.br\/?page_id=3903"},"modified":"2025-11-28T17:15:14","modified_gmt":"2025-11-28T21:15:14","slug":"prestacao-de-contas-primeiro-trimestre-de-2025","status":"publish","type":"page","link":"https:\/\/adunir.com.br\/index.php\/prestacao-de-contas-primeiro-trimestre-de-2025\/","title":{"rendered":"Presta\u00e7\u00e3o de contas &#8211; Primeiro trimestre de 2025"},"content":{"rendered":"\n<p>Em Assembleia Geral realizada no dia 27 de novembro, o Conselho Fiscal da ADUNIR apresentou e aprovou, sem ressalvas, as contas referentes ao 1\u00ba trimestre de 2025, sendo a decis\u00e3o referendada pela plen\u00e1ria.<\/p>\n\n\n\n<p>Durante a apresenta\u00e7\u00e3o, o Conselho Fiscal destacou que, diante da an\u00e1lise da documenta\u00e7\u00e3o encaminhada, \u00e9 favor\u00e1vel \u00e0 aprova\u00e7\u00e3o da presta\u00e7\u00e3o de contas do per\u00edodo. O parecer recomenda, contudo, a ado\u00e7\u00e3o de medidas de acompanhamento mensal da execu\u00e7\u00e3o or\u00e7ament\u00e1ria, de modo a manter a tend\u00eancia de super\u00e1vit observada nos meses de fevereiro e mar\u00e7o.<\/p>\n\n\n\n<p>Ao final, o Conselho Fiscal registrou que o parecer segue para aprecia\u00e7\u00e3o e delibera\u00e7\u00e3o pela Diretoria e homologa\u00e7\u00e3o em Assembleia Geral, conforme estabelece o Estatuto da ADUNIR.<\/p>\n\n\n\n<p>A plen\u00e1ria aprovou o parecer por unanimidade.<\/p>\n\n\n\n<p>Segue abaixo a presta\u00e7\u00e3o de contas e o parecer do Conselho Fiscal.<\/p>\n\n\n\n<div data-wp-interactive=\"core\/file\" class=\"wp-block-file\"><object data-wp-bind--hidden=\"!state.hasPdfPreview\" hidden class=\"wp-block-file__embed\" data=\"https:\/\/adunir.com.br\/wp-content\/uploads\/2025\/11\/Prestacao-jan-a-mar-2025.pdf\" type=\"application\/pdf\" style=\"width:100%;height:600px\" aria-label=\"Incorporado de Presta\u00e7\u00e3o jan a mar 2025.\"><\/object><a id=\"wp-block-file--media-bef3762b-1a12-4a98-9fb9-a1492d44949a\" href=\"https:\/\/adunir.com.br\/wp-content\/uploads\/2025\/11\/Prestacao-jan-a-mar-2025.pdf\">Presta\u00e7\u00e3o jan a mar 2025<\/a><a href=\"https:\/\/adunir.com.br\/wp-content\/uploads\/2025\/11\/Prestacao-jan-a-mar-2025.pdf\" class=\"wp-block-file__button wp-element-button\" download aria-describedby=\"wp-block-file--media-bef3762b-1a12-4a98-9fb9-a1492d44949a\">Baixar<\/a><\/div>\n","protected":false},"excerpt":{"rendered":"<p>Em Assembleia Geral realizada no dia 27 de novembro, o Conselho Fiscal da ADUNIR apresentou e aprovou, sem ressalvas, as contas referentes ao 1\u00ba trimestre de 2025, sendo a decis\u00e3o referendada pela plen\u00e1ria. Durante a apresenta\u00e7\u00e3o, o Conselho Fiscal destacou que, diante da an\u00e1lise da documenta\u00e7\u00e3o encaminhada, \u00e9 favor\u00e1vel \u00e0 aprova\u00e7\u00e3o da presta\u00e7\u00e3o de contas [&hellip;]<\/p>\n","protected":false},"author":1,"featured_media":0,"parent":0,"menu_order":0,"comment_status":"closed","ping_status":"closed","template":"","meta":{"_uag_custom_page_level_css":"","footnotes":""},"class_list":["post-3903","page","type-page","status-publish","hentry"],"yoast_head":"<!-- This site is optimized with the Yoast SEO plugin v27.5 - https:\/\/yoast.com\/product\/yoast-seo-wordpress\/ -->\n<title>Presta\u00e7\u00e3o de contas - Primeiro trimestre de 2025 - ADUNIR<\/title>\n<meta name=\"robots\" content=\"index, follow, max-snippet:-1, max-image-preview:large, max-video-preview:-1\" \/>\n<link rel=\"canonical\" href=\"https:\/\/adunir.com.br\/index.php\/prestacao-de-contas-primeiro-trimestre-de-2025\/\" \/>\n<meta property=\"og:locale\" content=\"pt_BR\" \/>\n<meta property=\"og:type\" content=\"article\" \/>\n<meta property=\"og:title\" content=\"Presta\u00e7\u00e3o de contas - Primeiro trimestre de 2025 - ADUNIR\" \/>\n<meta property=\"og:description\" content=\"Em Assembleia Geral realizada no dia 27 de novembro, o Conselho Fiscal da ADUNIR apresentou e aprovou, sem ressalvas, as contas referentes ao 1\u00ba trimestre de 2025, sendo a decis\u00e3o referendada pela plen\u00e1ria. Durante a apresenta\u00e7\u00e3o, o Conselho Fiscal destacou que, diante da an\u00e1lise da documenta\u00e7\u00e3o encaminhada, \u00e9 favor\u00e1vel \u00e0 aprova\u00e7\u00e3o da presta\u00e7\u00e3o de contas [&hellip;]\" \/>\n<meta property=\"og:url\" content=\"https:\/\/adunir.com.br\/index.php\/prestacao-de-contas-primeiro-trimestre-de-2025\/\" \/>\n<meta property=\"og:site_name\" content=\"ADUNIR\" \/>\n<meta property=\"article:publisher\" content=\"https:\/\/www.facebook.com\/adunirsecaosindical.andes\/\" \/>\n<meta property=\"article:modified_time\" content=\"2025-11-28T21:15:14+00:00\" \/>\n<meta name=\"twitter:card\" content=\"summary_large_image\" \/>\n<meta name=\"twitter:label1\" content=\"Est. tempo de leitura\" \/>\n\t<meta name=\"twitter:data1\" content=\"1 minuto\" \/>\n<script type=\"application\/ld+json\" class=\"yoast-schema-graph\">{\"@context\":\"https:\\\/\\\/schema.org\",\"@graph\":[{\"@type\":\"WebPage\",\"@id\":\"https:\\\/\\\/adunir.com.br\\\/index.php\\\/prestacao-de-contas-primeiro-trimestre-de-2025\\\/\",\"url\":\"https:\\\/\\\/adunir.com.br\\\/index.php\\\/prestacao-de-contas-primeiro-trimestre-de-2025\\\/\",\"name\":\"Presta\u00e7\u00e3o de contas - Primeiro trimestre de 2025 - ADUNIR\",\"isPartOf\":{\"@id\":\"https:\\\/\\\/adunir.com.br\\\/#website\"},\"datePublished\":\"2025-11-28T21:15:13+00:00\",\"dateModified\":\"2025-11-28T21:15:14+00:00\",\"breadcrumb\":{\"@id\":\"https:\\\/\\\/adunir.com.br\\\/index.php\\\/prestacao-de-contas-primeiro-trimestre-de-2025\\\/#breadcrumb\"},\"inLanguage\":\"pt-BR\",\"potentialAction\":[{\"@type\":\"ReadAction\",\"target\":[\"https:\\\/\\\/adunir.com.br\\\/index.php\\\/prestacao-de-contas-primeiro-trimestre-de-2025\\\/\"]}]},{\"@type\":\"BreadcrumbList\",\"@id\":\"https:\\\/\\\/adunir.com.br\\\/index.php\\\/prestacao-de-contas-primeiro-trimestre-de-2025\\\/#breadcrumb\",\"itemListElement\":[{\"@type\":\"ListItem\",\"position\":1,\"name\":\"In\u00edcio\",\"item\":\"https:\\\/\\\/adunir.com.br\\\/\"},{\"@type\":\"ListItem\",\"position\":2,\"name\":\"Presta\u00e7\u00e3o de contas &#8211; Primeiro trimestre de 2025\"}]},{\"@type\":\"WebSite\",\"@id\":\"https:\\\/\\\/adunir.com.br\\\/#website\",\"url\":\"https:\\\/\\\/adunir.com.br\\\/\",\"name\":\"ADUNIR\",\"description\":\"Associa\u00e7\u00e3o dos Docentes da Universidade Federal de Rond\u00f4nia - Se\u00e7\u00e3o Sindical\",\"publisher\":{\"@id\":\"https:\\\/\\\/adunir.com.br\\\/#organization\"},\"potentialAction\":[{\"@type\":\"SearchAction\",\"target\":{\"@type\":\"EntryPoint\",\"urlTemplate\":\"https:\\\/\\\/adunir.com.br\\\/?s={search_term_string}\"},\"query-input\":{\"@type\":\"PropertyValueSpecification\",\"valueRequired\":true,\"valueName\":\"search_term_string\"}}],\"inLanguage\":\"pt-BR\"},{\"@type\":\"Organization\",\"@id\":\"https:\\\/\\\/adunir.com.br\\\/#organization\",\"name\":\"Associa\u00e7\u00e3o dos Docentes da Universidade Federal de Rond\u00f4nia - ADUNIR\",\"url\":\"https:\\\/\\\/adunir.com.br\\\/\",\"logo\":{\"@type\":\"ImageObject\",\"inLanguage\":\"pt-BR\",\"@id\":\"https:\\\/\\\/adunir.com.br\\\/#\\\/schema\\\/logo\\\/image\\\/\",\"url\":\"https:\\\/\\\/adunir.com.br\\\/wp-content\\\/uploads\\\/2023\\\/12\\\/cropped-logo_adunir.png\",\"contentUrl\":\"https:\\\/\\\/adunir.com.br\\\/wp-content\\\/uploads\\\/2023\\\/12\\\/cropped-logo_adunir.png\",\"width\":982,\"height\":102,\"caption\":\"Associa\u00e7\u00e3o dos Docentes da Universidade Federal de Rond\u00f4nia - ADUNIR\"},\"image\":{\"@id\":\"https:\\\/\\\/adunir.com.br\\\/#\\\/schema\\\/logo\\\/image\\\/\"},\"sameAs\":[\"https:\\\/\\\/www.facebook.com\\\/adunirsecaosindical.andes\\\/\"]}]}<\/script>\n<!-- \/ Yoast SEO plugin. -->","yoast_head_json":{"title":"Presta\u00e7\u00e3o de contas - Primeiro trimestre de 2025 - ADUNIR","robots":{"index":"index","follow":"follow","max-snippet":"max-snippet:-1","max-image-preview":"max-image-preview:large","max-video-preview":"max-video-preview:-1"},"canonical":"https:\/\/adunir.com.br\/index.php\/prestacao-de-contas-primeiro-trimestre-de-2025\/","og_locale":"pt_BR","og_type":"article","og_title":"Presta\u00e7\u00e3o de contas - Primeiro trimestre de 2025 - ADUNIR","og_description":"Em Assembleia Geral realizada no dia 27 de novembro, o Conselho Fiscal da ADUNIR apresentou e aprovou, sem ressalvas, as contas referentes ao 1\u00ba trimestre de 2025, sendo a decis\u00e3o referendada pela plen\u00e1ria. Durante a apresenta\u00e7\u00e3o, o Conselho Fiscal destacou que, diante da an\u00e1lise da documenta\u00e7\u00e3o encaminhada, \u00e9 favor\u00e1vel \u00e0 aprova\u00e7\u00e3o da presta\u00e7\u00e3o de contas [&hellip;]","og_url":"https:\/\/adunir.com.br\/index.php\/prestacao-de-contas-primeiro-trimestre-de-2025\/","og_site_name":"ADUNIR","article_publisher":"https:\/\/www.facebook.com\/adunirsecaosindical.andes\/","article_modified_time":"2025-11-28T21:15:14+00:00","twitter_card":"summary_large_image","twitter_misc":{"Est. tempo de leitura":"1 minuto"},"schema":{"@context":"https:\/\/schema.org","@graph":[{"@type":"WebPage","@id":"https:\/\/adunir.com.br\/index.php\/prestacao-de-contas-primeiro-trimestre-de-2025\/","url":"https:\/\/adunir.com.br\/index.php\/prestacao-de-contas-primeiro-trimestre-de-2025\/","name":"Presta\u00e7\u00e3o de contas - Primeiro trimestre de 2025 - ADUNIR","isPartOf":{"@id":"https:\/\/adunir.com.br\/#website"},"datePublished":"2025-11-28T21:15:13+00:00","dateModified":"2025-11-28T21:15:14+00:00","breadcrumb":{"@id":"https:\/\/adunir.com.br\/index.php\/prestacao-de-contas-primeiro-trimestre-de-2025\/#breadcrumb"},"inLanguage":"pt-BR","potentialAction":[{"@type":"ReadAction","target":["https:\/\/adunir.com.br\/index.php\/prestacao-de-contas-primeiro-trimestre-de-2025\/"]}]},{"@type":"BreadcrumbList","@id":"https:\/\/adunir.com.br\/index.php\/prestacao-de-contas-primeiro-trimestre-de-2025\/#breadcrumb","itemListElement":[{"@type":"ListItem","position":1,"name":"In\u00edcio","item":"https:\/\/adunir.com.br\/"},{"@type":"ListItem","position":2,"name":"Presta\u00e7\u00e3o de contas &#8211; Primeiro trimestre de 2025"}]},{"@type":"WebSite","@id":"https:\/\/adunir.com.br\/#website","url":"https:\/\/adunir.com.br\/","name":"ADUNIR","description":"Associa\u00e7\u00e3o dos Docentes da Universidade Federal de Rond\u00f4nia - Se\u00e7\u00e3o Sindical","publisher":{"@id":"https:\/\/adunir.com.br\/#organization"},"potentialAction":[{"@type":"SearchAction","target":{"@type":"EntryPoint","urlTemplate":"https:\/\/adunir.com.br\/?s={search_term_string}"},"query-input":{"@type":"PropertyValueSpecification","valueRequired":true,"valueName":"search_term_string"}}],"inLanguage":"pt-BR"},{"@type":"Organization","@id":"https:\/\/adunir.com.br\/#organization","name":"Associa\u00e7\u00e3o dos Docentes da Universidade Federal de Rond\u00f4nia - ADUNIR","url":"https:\/\/adunir.com.br\/","logo":{"@type":"ImageObject","inLanguage":"pt-BR","@id":"https:\/\/adunir.com.br\/#\/schema\/logo\/image\/","url":"https:\/\/adunir.com.br\/wp-content\/uploads\/2023\/12\/cropped-logo_adunir.png","contentUrl":"https:\/\/adunir.com.br\/wp-content\/uploads\/2023\/12\/cropped-logo_adunir.png","width":982,"height":102,"caption":"Associa\u00e7\u00e3o dos Docentes da Universidade Federal de Rond\u00f4nia - ADUNIR"},"image":{"@id":"https:\/\/adunir.com.br\/#\/schema\/logo\/image\/"},"sameAs":["https:\/\/www.facebook.com\/adunirsecaosindical.andes\/"]}]}},"uagb_featured_image_src":{"full":false,"thumbnail":false,"medium":false,"medium_large":false,"large":false,"1536x1536":false,"2048x2048":false},"uagb_author_info":{"display_name":"adunir","author_link":"https:\/\/adunir.com.br\/index.php\/author\/adunir\/"},"uagb_comment_info":0,"uagb_excerpt":"Em Assembleia Geral realizada no dia 27 de novembro, o Conselho Fiscal da ADUNIR apresentou e aprovou, sem ressalvas, as contas referentes ao 1\u00ba trimestre de 2025, sendo a decis\u00e3o referendada pela plen\u00e1ria. Durante a apresenta\u00e7\u00e3o, o Conselho Fiscal destacou que, diante da an\u00e1lise da documenta\u00e7\u00e3o encaminhada, \u00e9 favor\u00e1vel \u00e0 aprova\u00e7\u00e3o da presta\u00e7\u00e3o de contas&hellip;","_links":{"self":[{"href":"https:\/\/adunir.com.br\/index.php\/wp-json\/wp\/v2\/pages\/3903","targetHints":{"allow":["GET"]}}],"collection":[{"href":"https:\/\/adunir.com.br\/index.php\/wp-json\/wp\/v2\/pages"}],"about":[{"href":"https:\/\/adunir.com.br\/index.php\/wp-json\/wp\/v2\/types\/page"}],"author":[{"embeddable":true,"href":"https:\/\/adunir.com.br\/index.php\/wp-json\/wp\/v2\/users\/1"}],"replies":[{"embeddable":true,"href":"https:\/\/adunir.com.br\/index.php\/wp-json\/wp\/v2\/comments?post=3903"}],"version-history":[{"count":1,"href":"https:\/\/adunir.com.br\/index.php\/wp-json\/wp\/v2\/pages\/3903\/revisions"}],"predecessor-version":[{"id":3905,"href":"https:\/\/adunir.com.br\/index.php\/wp-json\/wp\/v2\/pages\/3903\/revisions\/3905"}],"wp:attachment":[{"href":"https:\/\/adunir.com.br\/index.php\/wp-json\/wp\/v2\/media?parent=3903"}],"curies":[{"name":"wp","href":"https:\/\/api.w.org\/{rel}","templated":true}]}}

Prestação de contas &#8211; Primeiro trimestre de 2025

<p>Em Assembleia Geral realizada no dia 27 de novembro, o Conselho Fiscal da ADUNIR apresentou e aprovou, sem ressalvas, as contas referentes ao 1º trimestre de 2025, sendo a decisão referendada pela plenária.</p>



<p>Durante a apresentação, o Conselho Fiscal destacou que, diante da análise da documentação encaminhada, é favorável à aprovação da prestação de contas do período. O parecer recomenda, contudo, a adoção de medidas de acompanhamento mensal da execução orçamentária, de modo a manter a tendência de superávit observada nos meses de fevereiro e março.</p>



<p>Ao final, o Conselho Fiscal registrou que o parecer segue para apreciação e deliberação pela Diretoria e homologação em Assembleia Geral, conforme estabelece o Estatuto da ADUNIR.</p>



<p>A plenária aprovou o parecer por unanimidade.</p>



<p>Segue abaixo a prestação de contas e o parecer do Conselho Fiscal.</p>



<div data-wp-interactive="core/file" class="wp-block-file"><object data-wp-bind--hidden="!state.hasPdfPreview" hidden class="wp-block-file__embed" data="https://adunir.com.br/wp-content/uploads/2025/11/Prestacao-jan-a-mar-2025.pdf" type="application/pdf" style="width:100%;height:600px" aria-label="Incorporado de Prestação jan a mar 2025."></object><a id="wp-block-file--media-bef3762b-1a12-4a98-9fb9-a1492d44949a" href="https://adunir.com.br/wp-content/uploads/2025/11/Prestacao-jan-a-mar-2025.pdf">Prestação jan a mar 2025</a><a href="https://adunir.com.br/wp-content/uploads/2025/11/Prestacao-jan-a-mar-2025.pdf" class="wp-block-file__button wp-element-button" download aria-describedby="wp-block-file--media-bef3762b-1a12-4a98-9fb9-a1492d44949a">Baixar</a></div>

<p>Em Assembleia Geral realizada no dia 27 de novembro, o Conselho Fiscal da ADUNIR apresentou e aprovou, sem ressalvas, as contas referentes ao 1º trimestre de 2025, sendo a decisão referendada pela plenária. Durante a apresentação, o Conselho Fiscal destacou que, diante da análise da documentação encaminhada, é favorável à aprovação da prestação de contas [&hellip;]</p>

<!-- This site is optimized with the Yoast SEO plugin v27.5 - https://yoast.com/product/yoast-seo-wordpress/ -->
<title>Prestação de contas - Primeiro trimestre de 2025 - ADUNIR</title>
<meta name="robots" content="index, follow, max-snippet:-1, max-image-preview:large, max-video-preview:-1" />
<link rel="canonical" href="https://adunir.com.br/index.php/prestacao-de-contas-primeiro-trimestre-de-2025/" />
<meta property="og:locale" content="pt_BR" />
<meta property="og:type" content="article" />
<meta property="og:title" content="Prestação de contas - Primeiro trimestre de 2025 - ADUNIR" />
<meta property="og:description" content="Em Assembleia Geral realizada no dia 27 de novembro, o Conselho Fiscal da ADUNIR apresentou e aprovou, sem ressalvas, as contas referentes ao 1º trimestre de 2025, sendo a decisão referendada pela plenária. Durante a apresentação, o Conselho Fiscal destacou que, diante da análise da documentação encaminhada, é favorável à aprovação da prestação de contas [&hellip;]" />
<meta property="og:url" content="https://adunir.com.br/index.php/prestacao-de-contas-primeiro-trimestre-de-2025/" />
<meta property="og:site_name" content="ADUNIR" />
<meta property="article:publisher" content="https://www.facebook.com/adunirsecaosindical.andes/" />
<meta property="article:modified_time" content="2025-11-28T21:15:14+00:00" />
<meta name="twitter:card" content="summary_large_image" />
<meta name="twitter:label1" content="Est. tempo de leitura" />
	<meta name="twitter:data1" content="1 minuto" />
<script type="application/ld+json" class="yoast-schema-graph">{"@context":"https:\/\/schema.org","@graph":[{"@type":"WebPage","@id":"https:\/\/adunir.com.br\/index.php\/prestacao-de-contas-primeiro-trimestre-de-2025\/","url":"https:\/\/adunir.com.br\/index.php\/prestacao-de-contas-primeiro-trimestre-de-2025\/","name":"Prestação de contas - Primeiro trimestre de 2025 - ADUNIR","isPartOf":{"@id":"https:\/\/adunir.com.br\/#website"},"datePublished":"2025-11-28T21:15:13+00:00","dateModified":"2025-11-28T21:15:14+00:00","breadcrumb":{"@id":"https:\/\/adunir.com.br\/index.php\/prestacao-de-contas-primeiro-trimestre-de-2025\/#breadcrumb"},"inLanguage":"pt-BR","potentialAction":[{"@type":"ReadAction","target":["https:\/\/adunir.com.br\/index.php\/prestacao-de-contas-primeiro-trimestre-de-2025\/"]}]},{"@type":"BreadcrumbList","@id":"https:\/\/adunir.com.br\/index.php\/prestacao-de-contas-primeiro-trimestre-de-2025\/#breadcrumb","itemListElement":[{"@type":"ListItem","position":1,"name":"Início","item":"https:\/\/adunir.com.br\/"},{"@type":"ListItem","position":2,"name":"Prestação de contas &#8211; Primeiro trimestre de 2025"}]},{"@type":"WebSite","@id":"https:\/\/adunir.com.br\/#website","url":"https:\/\/adunir.com.br\/","name":"ADUNIR","description":"Associação dos Docentes da Universidade Federal de Rondônia - Seção Sindical","publisher":{"@id":"https:\/\/adunir.com.br\/#organization"},"potentialAction":[{"@type":"SearchAction","target":{"@type":"EntryPoint","urlTemplate":"https:\/\/adunir.com.br\/?s={search_term_string}"},"query-input":{"@type":"PropertyValueSpecification","valueRequired":true,"valueName":"search_term_string"}}],"inLanguage":"pt-BR"},{"@type":"Organization","@id":"https:\/\/adunir.com.br\/#organization","name":"Associação dos Docentes da Universidade Federal de Rondônia - ADUNIR","url":"https:\/\/adunir.com.br\/","logo":{"@type":"ImageObject","inLanguage":"pt-BR","@id":"https:\/\/adunir.com.br\/#\/schema\/logo\/image\/","url":"https:\/\/adunir.com.br\/wp-content\/uploads\/2023\/12\/cropped-logo_adunir.png","contentUrl":"https:\/\/adunir.com.br\/wp-content\/uploads\/2023\/12\/cropped-logo_adunir.png","width":982,"height":102,"caption":"Associação dos Docentes da Universidade Federal de Rondônia - ADUNIR"},"image":{"@id":"https:\/\/adunir.com.br\/#\/schema\/logo\/image\/"},"sameAs":["https:\/\/www.facebook.com\/adunirsecaosindical.andes\/"]}]}</script>
<!-- / Yoast SEO plugin. -->

Prestação de contas - Primeiro trimestre de 2025 - ADUNIR

Em Assembleia Geral realizada no dia 27 de novembro, o Conselho Fiscal da ADUNIR apresentou e aprovou, sem ressalvas, as contas referentes ao 1º trimestre de 2025, sendo a decisão referendada pela plenária. Durante a apresentação, o Conselho Fiscal destacou que, diante da análise da documentação encaminhada, é favorável à aprovação da prestação de contas [&hellip;]

Início

Associação dos Docentes da Universidade Federal de Rondônia - Seção Sindical

Associação dos Docentes da Universidade Federal de Rondônia - ADUNIR

Em Assembleia Geral realizada no dia 27 de novembro, o Conselho Fiscal da ADUNIR apresentou e aprovou, sem ressalvas, as contas referentes ao 1º trimestre de 2025, sendo a decisão referendada pela plenária. Durante a apresentação, o Conselho Fiscal destacou que, diante da análise da documentação encaminhada, é favorável à aprovação da prestação de contas&hellip;
